 -q*u + 23*u - 85 = 0. What are the prime factors of u?
5, 17
Let x(g) = -9*g - 13. Let k be x(-2). List the prime factors of (4/4*k)/(2/70).
5, 7
Let z be (-20)/6*(-60)/(-8). Let y = z + 85. List the prime factors of y.
2, 3, 5
Let m(g) = g**3 - 5*g**2 + 4*g + 3. Let p be m(4). Suppose 0*i - 204 = -p*i. List the prime factors of i.
2, 17
Let h(a) = -a**3 - 22*a**2 - 76*a + 59. What are the prime factors of h(-24)?
5, 607
Let a(y) = -y**2 + 22*y + 37. List the prime factors of a(21).
2, 29
Let n = -3 - 10. Let z = 139 + n. List the prime factors of z.
2, 3, 7
Suppose -8*g = -10*g + 6. Let u = 16 + -13. Suppose -15 = g*m, -51 = -5*c + c + u*m. List the prime factors of c.
3
Let z = 14 - -51. List the prime factors of z.
5, 13
Let v = -3 - -10. Suppose 0 = -v*t + 2*t + 15. Suppose -3*a - 4*n + 34 = 0, -3*a + n = -t*n - 2. What are the prime factors of a?
2, 3
Suppose -10*j + 9*j = 2, -8277 = -3*v + 3*j. List the prime factors of v.
3, 919
Let w = 82 + -41. Suppose w*h + 896 = 45*h. List the prime factors of h.
2, 7
Let x(q) = -3*q + 4. Let m be 45/9*2/5. Suppose -s = -m*g + 14, 2*s - g + 32 = 4*g. What are the prime factors of x(s)?
2, 11
Suppose 3*s - g + 21998 = -0*s, 5*s + 2*g + 36656 = 0. Let h be (-4)/10 - s/30. Suppose 6*k - 2*y = 3*k + h, -3*k - y + 247 = 0. List the prime factors of k.
2, 41
Let r(a) = a**3 + 9*a**2 - 2*a + 11. Suppose -2*l = -5*i + l - 48, 2*i + 2*l + 16 = 0. What are the prime factors of r(i)?
29
Suppose -f - 4*x + 269 = 0, -2*f - 4*x + 788 = 230. Let w = f - -45. List the prime factors of w.
2, 167
Let z(m) = -m**3 - 5*m**2 + 4. Let w be z(-5). Suppose -207 = -3*b - q, w*b - 2*q - 194 = 82. Suppose -14 = 5*f - b. What are the prime factors of f?
11
Suppose -2*r + 5*r - 69 = 0. List the prime factors of (23/r)/((-1)/(-19)).
19
Suppose -5*h + 2566 = 4*u, -5*u - 3*h + 4867 = 1653. List the prime factors of u.
2, 7, 23
Let o be 14*1*738/(-287). Let h be 52/3 + 2/3. What are the prime factors of (h/o)/((-1)/82)?
41
Let s = 1 + 3. Suppose s*y - 276 = 2*y. List the prime factors of y.
2, 3, 23
Let o = -2 + 3. What are the prime factors of (56 - (-3 - -6)) + (2 - o)?
2, 3
Let p(y) = -3*y**3 + 2*y**2 + y + 4. Let z be p(3). Let m = z - -87. Suppose -4*t - 5*n = -39, 0*t = t - 3*n - m. List the prime factors of t.
2
Let z be (-6)/(-5) - 5/25. List the prime factors of (-5 + 3)*z/(-2) + 35.
2, 3
Let d = 19 - 15. Suppose d*b - b - 5*t = 5, 3*t + 3 = -5*b. Suppose -x + 23 + 21 = b. What are the prime factors of x?
2, 11
Let p = 621 - -85. What are the prime factors of p?
2, 353
Let h be -3 + (0 - 2 - -1). Let n be -2 - (-3 - h) - -6. Let u = 9 + n. List the prime factors of u.
2, 3
List the prime factors of -7 - (549 + -72)*(-3)/1.
2, 89
Let z(g) = -g + 15. Let r be z(11). Suppose 4*t - 2*x + 51 = x, -3*x = r*t + 45. Let y = -8 - t. What are the prime factors of y?
2
Let o(r) = 2*r + 8. Let k be o(-7). Let c(y) = -4*y + 1. What are the prime factors of c(k)?
5
Let g = -217 - -313. Suppose 2*a - g = -a. What are the prime factors of a?
2
Let f = 146 + -39. Let v be f/3 - (-6)/(-9). Suppose 0 = -5*k - 5*t + 315, -3*t = -k + 20 + v. What are the prime factors of k?
61
Let r = -17 - -43. Let h = r - 12. What are the prime factors of (-1)/(7/(-30))*h?
2, 3, 5
Suppose 5*m - 10 = 4*h + 10, -12 = -3*m - 5*h. Suppose 5 + m = 3*j, -2 = 2*o - 4*j. Suppose -2*k + 124 = l, -k + o*k - 4*l = 236. List the prime factors of k.
61
Let t = 80 - 59. Suppose -846 = 12*u - t*u. What are the prime factors of u?
2, 47
Let o be (6/(-12))/(1/34). Let s = -17 - o. Suppose s = -6*k + 5*k + 22. List the prime factors of k.
2, 11
Suppose -4*f - 49 + 162 = -l, 5*f + 3*l - 137 = 0. Suppose 10*d - 12*d + f = 0. Suppose 0 = 3*h + 15, 5*h + 53 + d = w. List the prime factors of w.
2, 3, 7
Suppose 4*s - 4*m = 600, 3*s = -3*m + 299 + 145. What are the prime factors of s?
149
Let q be 20/(-30)*(-15)/2. Suppose 0*f - 5*i - 32 = -f, -q*f - i + 186 = 0. What are the prime factors of f?
37
Let w(v) = -11*v - 10*v**2 + v**3 + 11*v**2 + 9*v. What are the prime factors of w(3)?
2, 3, 5
Suppose -32*a + 19*a + 4173 = 0. List the prime factors of a.
3, 107
Suppose -o + 2*a - 3 = -0, 4*a + 1 = 3*o. Suppose 28*i - 27*i - o = 0. List the prime factors of i.
7
Let a(s) = -s**2 - 7*s + 6. Let c be a(-8). List the prime factors of -2*c/4 - -45.
2, 23
Let c(m) = 13*m + 7. Let l(u) = 38*u + 20. Let k(z) = -17*c(z) + 6*l(z). Let b be k(2). What are the prime factors of 2/5 - (-804)/b?
2, 3
Suppose -w - 3 = 2. Let h(q) = 6*q - 11*q + 0 - 5 - 3*q. What are the prime factors of h(w)?
5, 7
Let r be (4 + -5 + 1)/(-1). Let s be 0 + 0 + r/(-16). Suppose s*k = 6*k - 66. List the prime factors of k.
11
Suppose 0 = 9*i - 0*i - 27. Suppose 4*j - 3*w - 780 = -0*j, 0 = -i*j + 2*w + 586. List the prime factors of j.
2, 3, 11
Let q = 11 - 9. Suppose -o - 7 = -2*a, -4*o - q = -2*a - 4. What are the prime factors of (5/(a/68))/2?
2, 17
What are the prime factors of -3 + -2 + 771 + -7?
3, 11, 23
Let d = 296 + -111. What are the prime factors of d?
5, 37
Let x(s) = -3*s**2 - 6*s - 13. Let y = -1 + -1. Let b(d) = -d**2 - 3*d - 6. Let m(o) = y*x(o) + 5*b(o). What are the prime factors of m(-2)?
2, 3
Suppose 0 = -5*j + 2*w - 4, 0 = -3*j + 3*w + 2 - 8. Suppose j*x + 6 = 2*x. Suppose -q - 11 = -3*n, -4 = -x*q + 3*n - 7. List the prime factors of q.
2
Suppose u + 5*q + 0*q - 2995 = 0, -3*u + 2*q = -8917. List the prime factors of u.
5, 7, 17
Let j(g) = 132*g + 19. What are the prime factors of j(10)?
13, 103
Let z = 55 + -48. Suppose 2*u + z = 119. What are the prime factors of u?
2, 7
Suppose 0 = 2*v - 12 - 0. Suppose 0 = -z - 2 - v. Let b = z - -23. List the prime factors of b.
3, 5
Suppose 14*d = 20910 + 9526. List the prime factors of d.
2, 1087
Let q be 104/(42/(-22) + 2). Let h be 3 - q/(-7 + 3). Suppose 2*v = z - 2*v - 75, -4*z + h = -5*v. List the prime factors of z.
71
List the prime factors of (-2528)/(-80)*(0 + 5).
2, 79
Let s = -179 - -327. Let v = s - 72. List the prime factors of v.
2, 19
Suppose -q + 8*c - 13*c + 1104 = 0, -c = 2*q - 2253. What are the prime factors of q?
1129
Let p = 52 - 47. Suppose -3*w + 2*b = -228, p*w + b + 3*b - 358 = 0. List the prime factors of w.
2, 37
What are the prime factors of 1525 - (4 + -13) - (-8 + 3)?
3, 19
Let x = 20 + -14. Let h(m) be the first derivative of 2*m**3/3 - 7*m**2/2 - 8*m - 5. What are the prime factors of h(x)?
2, 11
Let j = -23 + -42. Let y = -10 + 6. Let m = y - j. What are the prime factors of m?
61
Let s be 6795/6 + 1 + (-3)/6. Suppose -s = -12*n + 67. What are the prime factors of n?
2, 5
Suppose -2304 = 5*v - 13*v. What are the prime factors of v?
2, 3
Let y = -14 + 2. Let t(u) = -3*u**3 + 12*u**2 + 12. Let i(n) = 7*n**3 - 24*n**2 + n - 23. Let g(w) = -4*i(w) - 9*t(w). List the prime factors of g(y).
2
Suppose 4*u = 20, 8*u - 4*u = 4*b - 1816. What are the prime factors of b?
3, 17
Let r be (2 + -3)*1*21. Let z = 58 + r. What are the prime factors of z?
37
Suppose 202*u = 210*u - 7736. What are the prime factors of u?
967
Let h = -2 + 4. Let p be 9/(-2)*(-4)/h. Suppose 0 = -c + i + p, c + 1 = -0*c - 4*i. List the prime factors of c.
7
Suppose -46*m = 63*m - 20056. List the prime factors of m.
2, 23
Let c = -35 + 52. Suppose 5*d - 863 = c. List the prime factors of d.
2, 11
Let k(u) = -2*u**2 - 6*u + 11. Let p be k(-6). What are the prime factors of (1 - (-17)/3)*(-780)/p?
2, 13
Let f = 192 + -209. Suppose -l = 4*q + 18, 0 = -4*l + 8*q - 3*q - 51. Let j = l - f. What are the prime factors of j?
3
Let a(r) = 0*r**2 + 1 - 3*r**3 + 0*r**3 - r**2 - 2*r**3. Let g be a(-1). What are the prime factors of (3 - (-12)/10)*g?
3, 7
Let p = 6192 + -4329. List the prime factors of p.
3, 23
Let z be (-3)/2*260/(-39). Suppose 4*p - z = -2*k - 0, -p = 2*k - 7. List the prime factors of k.
3
Suppose 25 = 3*p + 2*p, -5*l - p + 13485 = 0. What are the prime factors of l?
2, 337
Suppose -24 = -4*q + 5*b, b + 12 = q + 7. Suppose -q = -k, u + 3*u - 855 = 5*k. List the prime factors of u.
5, 43
Suppose 0*a = 2*f - 2*a - 10, -2*a + 2 = 2*f. Let u(k) = 65*k - 1. What are the prime factors of u(f)?
2, 97
Let p(l) = l. Let w(c) = 3*c. Let s(b) = -12*p(b) + 3*w(b). Let v(q) = q**2 - 4*q + 2. Let x be v(3). What are the prime factors of s(x)?
3
Suppose 8*q - 19620 +